{"id":6705,"date":"2022-10-10T15:49:45","date_gmt":"2022-10-10T18:49:45","guid":{"rendered":"https:\/\/apsredes.org\/eventos\/lis-ena\/implantacao-da-estrategia-amamenta-e-alimenta-brasil-como-potencializadora-e-fortalecedora-do-aleitamento-materno-exclusivo-e-alimentacao-complementar-saudavel\/"},"modified":"2023-02-06T07:23:33","modified_gmt":"2023-02-06T10:23:33","slug":"implantacao-da-estrategia-amamenta-e-alimenta-brasil-como-potencializadora-e-fortalecedora-do-aleitamento-materno-exclusivo-e-alimentacao-complementar-saudavel","status":"publish","type":"lis-ena","link":"https:\/\/apsredes.org\/eventos\/lis-ena\/implantacao-da-estrategia-amamenta-e-alimenta-brasil-como-potencializadora-e-fortalecedora-do-aleitamento-materno-exclusivo-e-alimentacao-complementar-saudavel\/","title":{"rendered":"IMPLANTA\u00c7\u00c3O DA ESTRAT\u00c9GIA AMAMENTA E ALIMENTA BRASIL COMO POTENCIALIZADORA E FORTALECEDORA DO ALEITAMENTO MATERNO EXCLUSIVO E ALIMENTA\u00c7\u00c3O COMPLEMENTAR SAUD\u00c1VEL."},"content":{"rendered":"","protected":false},"author":1591,"featured_media":0,"template":"","meta":[],"homologacao":[167],"publico-participante":[145,154],"regiao-do-pais":[139],"eixo-tematico-da-experiencia-ean":[133],"status_avaliacao":[132],"class_list":["post-6705","lis-ena","type-lis-ena","status-publish","hentry","homologacao-homologada","publico-participante-criancas-0-a-2-anos","publico-participante-gestantes-nutrizes","regiao-do-pais-nordeste","eixo-tematico-da-experiencia-ean-eixo-1-ean-no-campo-da-saude","status_avaliacao-aprovada-publicar"],"_links":{"self":[{"href":"https:\/\/apsredes.org\/eventos\/wp-json\/wp\/v2\/lis-ena\/6705","targetHints":{"allow":["GET"]}}],"collection":[{"href":"https:\/\/apsredes.org\/eventos\/wp-json\/wp\/v2\/lis-ena"}],"about":[{"href":"https:\/\/apsredes.org\/eventos\/wp-json\/wp\/v2\/types\/lis-ena"}],"author":[{"embeddable":true,"href":"https:\/\/apsredes.org\/eventos\/wp-json\/wp\/v2\/users\/1591"}],"version-history":[{"count":1,"href":"https:\/\/apsredes.org\/eventos\/wp-json\/wp\/v2\/lis-ena\/6705\/revisions"}],"predecessor-version":[{"id":6803,"href":"https:\/\/apsredes.org\/eventos\/wp-json\/wp\/v2\/lis-ena\/6705\/revisions\/6803"}],"wp:attachment":[{"href":"https:\/\/apsredes.org\/eventos\/wp-json\/wp\/v2\/media?parent=6705"}],"wp:term":[{"taxonomy":"homologacao","embeddable":true,"href":"https:\/\/apsredes.org\/eventos\/wp-json\/wp\/v2\/homologacao?post=6705"},{"taxonomy":"publico-participante","embeddable":true,"href":"https:\/\/apsredes.org\/eventos\/wp-json\/wp\/v2\/publico-participante?post=6705"},{"taxonomy":"regiao-do-pais","embeddable":true,"href":"https:\/\/apsredes.org\/eventos\/wp-json\/wp\/v2\/regiao-do-pais?post=6705"},{"taxonomy":"eixo-tematico-da-experiencia-ean","embeddable":true,"href":"https:\/\/apsredes.org\/eventos\/wp-json\/wp\/v2\/eixo-tematico-da-experiencia-ean?post=6705"},{"taxonomy":"status_avaliacao","embeddable":true,"href":"https:\/\/apsredes.org\/eventos\/wp-json\/wp\/v2\/status_avaliacao?post=6705"}],"curies":[{"name":"wp","href":"https:\/\/api.w.org\/{rel}","templated":true}]}}

IMPLANTAÇÃO DA ESTRATÉGIA AMAMENTA E ALIMENTA BRASIL COMO POTENCIALIZADORA E FORTALECEDORA DO ALEITAMENTO MATERNO EXCLUSIVO E ALIMENTAÇÃO COMPLEMENTAR SAUDÁVEL.
