{"id":9808,"date":"2023-01-30T15:59:27","date_gmt":"2023-01-30T18:59:27","guid":{"rendered":"https:\/\/apsredes.org\/eventos\/lis-cns\/la-participacion-comunitaria-en-salud-como-politica-publica-y-accion-participativa-en-comunidades-rurales-con-poblaciones-etnicas-del-departamento-del-cauca-colombia\/"},"modified":"2023-02-17T02:01:34","modified_gmt":"2023-02-17T05:01:34","slug":"la-participacion-comunitaria-en-salud-como-politica-publica-y-accion-participativa-en-comunidades-rurales-con-poblaciones-etnicas-del-departamento-del-cauca-colombia","status":"publish","type":"lis-cns","link":"https:\/\/apsredes.org\/eventos\/lis-cns\/la-participacion-comunitaria-en-salud-como-politica-publica-y-accion-participativa-en-comunidades-rurales-con-poblaciones-etnicas-del-departamento-del-cauca-colombia\/","title":{"rendered":"La participaci\u00f3n comunitaria en salud como pol\u00edtica p\u00fablica y acci\u00f3n participativa en comunidades rurales con poblaciones \u00e9tnicas del departamento del Cauca, Colombia."},"author":1797,"featured_media":0,"template":"","se-encaixa-no-eixo":[256],"lista-de-paises":[205],"eixo-a":[179],"eixo-b-":[202],"homologacao":[167],"estado":[],"class_list":["post-9808","lis-cns","type-lis-cns","status-publish","hentry","se-encaixa-no-eixo-eixo-a-participacao-e-controle-social-em-politicas-publicas-de-saude","lista-de-paises-colombia","eixo-a-a3-gestion-participativa-del-sistema-de-salud","eixo-b--nao-se-aplica","homologacao-homologada"],"_links":{"self":[{"href":"https:\/\/apsredes.org\/eventos\/wp-json\/wp\/v2\/lis-cns\/9808","targetHints":{"allow":["GET"]}}],"collection":[{"href":"https:\/\/apsredes.org\/eventos\/wp-json\/wp\/v2\/lis-cns"}],"about":[{"href":"https:\/\/apsredes.org\/eventos\/wp-json\/wp\/v2\/types\/lis-cns"}],"author":[{"embeddable":true,"href":"https:\/\/apsredes.org\/eventos\/wp-json\/wp\/v2\/users\/1797"}],"version-history":[{"count":1,"href":"https:\/\/apsredes.org\/eventos\/wp-json\/wp\/v2\/lis-cns\/9808\/revisions"}],"predecessor-version":[{"id":10573,"href":"https:\/\/apsredes.org\/eventos\/wp-json\/wp\/v2\/lis-cns\/9808\/revisions\/10573"}],"wp:attachment":[{"href":"https:\/\/apsredes.org\/eventos\/wp-json\/wp\/v2\/media?parent=9808"}],"wp:term":[{"taxonomy":"se-encaixa-no-eixo","embeddable":true,"href":"https:\/\/apsredes.org\/eventos\/wp-json\/wp\/v2\/se-encaixa-no-eixo?post=9808"},{"taxonomy":"lista-de-paises","embeddable":true,"href":"https:\/\/apsredes.org\/eventos\/wp-json\/wp\/v2\/lista-de-paises?post=9808"},{"taxonomy":"eixo-a","embeddable":true,"href":"https:\/\/apsredes.org\/eventos\/wp-json\/wp\/v2\/eixo-a?post=9808"},{"taxonomy":"eixo-b-","embeddable":true,"href":"https:\/\/apsredes.org\/eventos\/wp-json\/wp\/v2\/eixo-b-?post=9808"},{"taxonomy":"homologacao","embeddable":true,"href":"https:\/\/apsredes.org\/eventos\/wp-json\/wp\/v2\/homologacao?post=9808"},{"taxonomy":"estado","embeddable":true,"href":"https:\/\/apsredes.org\/eventos\/wp-json\/wp\/v2\/estado?post=9808"}],"curies":[{"name":"wp","href":"https:\/\/api.w.org\/{rel}","templated":true}]}}

La participación comunitaria en salud como política pública y acción participativa en comunidades rurales con poblaciones étnicas del departamento del Cauca, Colombia.
