{"id":11090,"date":"2023-03-01T07:10:53","date_gmt":"2023-03-01T10:10:53","guid":{"rendered":"https:\/\/apsredes.org\/eventos\/lis-cns\/documentario-realizado-por-pessoas-usuarias-da-rede-de-atencao-psicossocial-osasco\/"},"modified":"2023-03-03T10:27:46","modified_gmt":"2023-03-03T13:27:46","slug":"documentario-realizado-por-pessoas-usuarias-da-rede-de-atencao-psicossocial-osasco","status":"publish","type":"lis-cns","link":"https:\/\/apsredes.org\/eventos\/lis-cns\/documentario-realizado-por-pessoas-usuarias-da-rede-de-atencao-psicossocial-osasco\/","title":{"rendered":"Document\u00e1rio realizado por pessoas usu\u00e1rias da Rede de Aten\u00e7\u00e3o Psicossocial Osasco"},"author":1903,"featured_media":0,"template":"","se-encaixa-no-eixo":[256],"lista-de-paises":[],"eixo-a":[170],"eixo-b-":[174],"homologacao":[167],"estado":[79],"class_list":["post-11090","lis-cns","type-lis-cns","status-publish","hentry","se-encaixa-no-eixo-eixo-a-participacao-e-controle-social-em-politicas-publicas-de-saude","eixo-a-a1-formacao-e-educacao-permanente-para-a-participacao-social","eixo-b--educacao-popular-em-saude-mobilizacao-comunitaria-analises-situacionais-de-saude-em-uma-perspectiva-participativa","homologacao-homologada","estado-sao-paulo"],"_links":{"self":[{"href":"https:\/\/apsredes.org\/eventos\/wp-json\/wp\/v2\/lis-cns\/11090","targetHints":{"allow":["GET"]}}],"collection":[{"href":"https:\/\/apsredes.org\/eventos\/wp-json\/wp\/v2\/lis-cns"}],"about":[{"href":"https:\/\/apsredes.org\/eventos\/wp-json\/wp\/v2\/types\/lis-cns"}],"author":[{"embeddable":true,"href":"https:\/\/apsredes.org\/eventos\/wp-json\/wp\/v2\/users\/1903"}],"version-history":[{"count":1,"href":"https:\/\/apsredes.org\/eventos\/wp-json\/wp\/v2\/lis-cns\/11090\/revisions"}],"predecessor-version":[{"id":11091,"href":"https:\/\/apsredes.org\/eventos\/wp-json\/wp\/v2\/lis-cns\/11090\/revisions\/11091"}],"wp:attachment":[{"href":"https:\/\/apsredes.org\/eventos\/wp-json\/wp\/v2\/media?parent=11090"}],"wp:term":[{"taxonomy":"se-encaixa-no-eixo","embeddable":true,"href":"https:\/\/apsredes.org\/eventos\/wp-json\/wp\/v2\/se-encaixa-no-eixo?post=11090"},{"taxonomy":"lista-de-paises","embeddable":true,"href":"https:\/\/apsredes.org\/eventos\/wp-json\/wp\/v2\/lista-de-paises?post=11090"},{"taxonomy":"eixo-a","embeddable":true,"href":"https:\/\/apsredes.org\/eventos\/wp-json\/wp\/v2\/eixo-a?post=11090"},{"taxonomy":"eixo-b-","embeddable":true,"href":"https:\/\/apsredes.org\/eventos\/wp-json\/wp\/v2\/eixo-b-?post=11090"},{"taxonomy":"homologacao","embeddable":true,"href":"https:\/\/apsredes.org\/eventos\/wp-json\/wp\/v2\/homologacao?post=11090"},{"taxonomy":"estado","embeddable":true,"href":"https:\/\/apsredes.org\/eventos\/wp-json\/wp\/v2\/estado?post=11090"}],"curies":[{"name":"wp","href":"https:\/\/api.w.org\/{rel}","templated":true}]}}

Documentário realizado por pessoas usuárias da Rede de Atenção Psicossocial Osasco
